{"id":2072,"date":"2012-07-23T01:38:26","date_gmt":"2012-07-22T23:38:26","guid":{"rendered":"http:\/\/samuel.trygger.nu\/wp\/?page_id=2072"},"modified":"2012-07-23T02:53:18","modified_gmt":"2012-07-23T00:53:18","slug":"fredholms-epistel-no-48","status":"publish","type":"page","link":"http:\/\/samuel.trygger.nu\/wp\/vissangaren\/sanger\/fredholms-epistel-no-48\/","title":{"rendered":"Fredholms Epistel No. 48"},"content":{"rendered":"<h2>~ Uti vilken en hemf\u00e4rd fr\u00e5n Djurg\u00e5rden avbildas ~<\/h2>\n<p>Mullberg, Mullberg, aftonstj\u00e4rnan lyser med sitt milda ljus<br \/>\n\u00f6ver de som vankelmodigt r\u00f6r sig bort mot hem och hus.<br \/>\nMullberg, Mullberg, fordom s\u00e4llsport var att krypa si som s\u00e5,<br \/>\ndock vad kan I annat v\u00e4nta n\u00e4r I icke ens kan st\u00e5?<br \/>\n<em>Tromp.<\/em>\u00a0\u00a0\u00a0 Ens kan st\u00e5?<\/p>\n<p>Mullberg, Mullberg, fat och flaskor \u00e4r mer tomma \u00e4n jag tror.<br \/>\nSlagit har jag mig om truten, dock \u2014 bed\u00f6vningen \u00e4r stor.<br \/>\nMullberg, Mullberg, r\u00e4ck mig armen, om du orkar d\u00e4r du st\u00e5r.<br \/>\nMarken \u00e4r f\u00f6r n\u00e4ra n\u00e4san, pannan full av grus och s\u00e5r.<br \/>\n<em>Tromp.<\/em>\u00a0\u00a0\u00a0 Grus och s\u00e5r.<\/p>\n<p>Mullberg, Mullberg, ack, jag s\u00f6rjer Rosa \u00e4n. Kan du f\u00f6rst\u00e5?<br \/>\nVarje dag och natt jag t\u00e4nker p\u00e5 att sjunka i en \u00e5.<br \/>\nMullberg, Mullberg, denna strupan \u00e4r v\u00e4lsignelse, ty den<br \/>\ntager tacksamt mot var droppa \u2014 d\u00e4rf\u00f6r lever ock jag \u00e4n.<br \/>\n<em>Tromp.<\/em>\u00a0\u00a0\u00a0 Ock jag \u00e4n.<\/p>\n<p style=\"text-align: center;\">*<\/p>\n<p>Fader M\u00e4rgstr\u00f6m, bed f\u00f6r oss som druckit Djurg\u00e5rden helt tom!<br \/>\nVatten platt jag helt f\u00f6raktar! Dock det tr\u00e4ngtas av min gom!<br \/>\nFader M\u00e4rgstr\u00f6m \u2014 s\u00e4ngen, graven; b\u00e5da locka lika v\u00e4l,<br \/>\nmen jag tro att s\u00e4ngen kr\u00e4va mycket mindre av min sj\u00e4l.<br \/>\n<em>Tromp.<\/em>\u00a0\u00a0\u00a0 Av min sj\u00e4l.<\/p>\n<hr \/>\n<p>Ur <a title=\"B\u00f6cker\" href=\"http:\/\/samuel.trygger.nu\/wp\/vissangaren\/bocker\/\"><strong>Kjell Bellman och Fredholms Epistlar<\/strong><\/a><\/p>\n<p>&nbsp;<\/p>\n","protected":false},"excerpt":{"rendered":"<p>~ Uti vilken en hemf\u00e4rd fr\u00e5n Djurg\u00e5rden avbildas ~ Mullberg, Mullberg, aftonstj\u00e4rnan lyser med sitt milda ljus \u00f6ver de som vankelmodigt r\u00f6r sig bort mot hem och hus. Mullberg, Mullberg, fordom s\u00e4llsport var att krypa si som s\u00e5, dock vad &hellip; <a href=\"http:\/\/samuel.trygger.nu\/wp\/vissangaren\/sanger\/fredholms-epistel-no-48\/\">L\u00e4s mer <span class=\"meta-nav\">&rarr;<\/span><\/a><\/p>\n","protected":false},"author":1,"featured_media":0,"parent":35,"menu_order":0,"comment_status":"open","ping_status":"open","template":"","meta":{"ngg_post_thumbnail":0,"footnotes":""},"class_list":["post-2072","page","type-page","status-publish","hentry"],"_links":{"self":[{"href":"http:\/\/samuel.trygger.nu\/wp\/wp-json\/wp\/v2\/pages\/2072","targetHints":{"allow":["GET"]}}],"collection":[{"href":"http:\/\/samuel.trygger.nu\/wp\/wp-json\/wp\/v2\/pages"}],"about":[{"href":"http:\/\/samuel.trygger.nu\/wp\/wp-json\/wp\/v2\/types\/page"}],"author":[{"embeddable":true,"href":"http:\/\/samuel.trygger.nu\/wp\/wp-json\/wp\/v2\/users\/1"}],"replies":[{"embeddable":true,"href":"http:\/\/samuel.trygger.nu\/wp\/wp-json\/wp\/v2\/comments?post=2072"}],"version-history":[{"count":3,"href":"http:\/\/samuel.trygger.nu\/wp\/wp-json\/wp\/v2\/pages\/2072\/revisions"}],"predecessor-version":[{"id":2088,"href":"http:\/\/samuel.trygger.nu\/wp\/wp-json\/wp\/v2\/pages\/2072\/revisions\/2088"}],"up":[{"embeddable":true,"href":"http:\/\/samuel.trygger.nu\/wp\/wp-json\/wp\/v2\/pages\/35"}],"wp:attachment":[{"href":"http:\/\/samuel.trygger.nu\/wp\/wp-json\/wp\/v2\/media?parent=2072"}],"curies":[{"name":"wp","href":"https:\/\/api.w.org\/{rel}","templated":true}]}}

<h2>~ Uti vilken en hemfärd från Djurgården avbildas ~</h2>
<p>Mullberg, Mullberg, aftonstjärnan lyser med sitt milda ljus<br />
över de som vankelmodigt rör sig bort mot hem och hus.<br />
Mullberg, Mullberg, fordom sällsport var att krypa si som så,<br />
dock vad kan I annat vänta när I icke ens kan stå?<br />
<em>Tromp.</em>    Ens kan stå?</p>
<p>Mullberg, Mullberg, fat och flaskor är mer tomma än jag tror.<br />
Slagit har jag mig om truten, dock — bedövningen är stor.<br />
Mullberg, Mullberg, räck mig armen, om du orkar där du står.<br />
Marken är för nära näsan, pannan full av grus och sår.<br />
<em>Tromp.</em>    Grus och sår.</p>
<p>Mullberg, Mullberg, ack, jag sörjer Rosa än. Kan du förstå?<br />
Varje dag och natt jag tänker på att sjunka i en å.<br />
Mullberg, Mullberg, denna strupan är välsignelse, ty den<br />
tager tacksamt mot var droppa — därför lever ock jag än.<br />
<em>Tromp.</em>    Ock jag än.</p>
<p style="text-align: center;">*</p>
<p>Fader Märgström, bed för oss som druckit Djurgården helt tom!<br />
Vatten platt jag helt föraktar! Dock det trängtas av min gom!<br />
Fader Märgström — sängen, graven; båda locka lika väl,<br />
men jag tro att sängen kräva mycket mindre av min själ.<br />
<em>Tromp.</em>    Av min själ.</p>
<hr />
<p>Ur <a title="Böcker" href="http://samuel.trygger.nu/wp/vissangaren/bocker/"><strong>Kjell Bellman och Fredholms Epistlar</strong></a></p>
<p>&nbsp;</p>

<p>~ Uti vilken en hemfärd från Djurgården avbildas ~ Mullberg, Mullberg, aftonstjärnan lyser med sitt milda ljus över de som vankelmodigt rör sig bort mot hem och hus. Mullberg, Mullberg, fordom sällsport var att krypa si som så, dock vad &hellip; <a href="http://samuel.trygger.nu/wp/vissangaren/sanger/fredholms-epistel-no-48/">Läs mer <span class="meta-nav">&rarr;</span></a></p>
